 9*b**2. Determine s(-7).
34
Let a(p) = 7*p**3 + 23*p**2 - 5*p + 4. Let b(k) = -15*k**3 - 49*k**2 + 11*k - 8. Let d(q) = -13*a(q) - 6*b(q). What is d(-5)?
1
Let y(c) = -6*c + 4*c**2 - 3 + 0 - 5*c**2. Let b(p) = 14*p - 158. Let k be b(11). Give y(k).
5
Let r(j) be the first derivative of -j**4/12 - j**3/6 + 27*j**2/2 + 28. Let h(w) be the second derivative of r(w). What is h(-1)?
1
Suppose -j - 44 = -5*j. Suppose -j*u + 2 = 24. Let g(w) = 5*w**2 + 3*w + 2. What is g(u)?
16
Let y be 17/(-4)*(-36)/9. Let g(u) be the third derivative of -u**4/12 + 14*u**3/3 - 9*u**2. Let o be g(y). Let z(n) = -n - 6. What is z(o)?
0
Let m(v) = 0 + 42*v + 42*v - 77*v - 7 - 2. Calculate m(2).
5
Let h(b) be the second derivative of -3*b**5/10 + b**4/6 - b**3/3 + b**2/2 - 2*b. Suppose 112*d + 1 = 113*d. What is h(d)?
-5
Let v(m) = m**3 - 20*m**2 + 36*m + 5. Let c be v(18). Let z(h) = -3*h - 6. Calculate z(c).
-21
Let r(h) = -21*h**3 - 20*h**3 - 11 - 8*h + 14*h**2 - 2*h**3. Let b(c) = 14*c**3 - 5*c**2 + 3*c + 4. Let x(y) = -8*b(y) - 3*r(y). Determine x(1).
16
Let n = -19 + 36. Let u = 20 - n. Let w(v) = u*v - 3*v + v - 1. Determine w(5).
4
Let r be ((-210)/(-12))/((-1)/(-2)). Let c be (-6)/14 + 155/r. Let z(s) = 5 - 1 + s**3 + c*s**2 - 2*s**3. Calculate z(4).
4
Suppose 5*a = 3*d - 45, -18 = a + 5*d + 19. Let x(h) = -h - 18. What is x(a)?
-6
Let z(v) = -v**3 - 3*v**2 - 3. Let s(t) = -t**2 + 3*t + 5. Let d be s(5). Suppose 0 = 13*u + 28*u - 8*u. Let b be d - (u/1 + -2). What is z(b)?
-3
Suppose -85*h = -82*h + 21. Let c(v) be the first derivative of v**4/4 + 7*v**3/3 + v**2/2 - 2*v + 3. Give c(h).
-9
Suppose -47*w + 39*w = 32. Let u(c) = -c - 1. What is u(w)?
3
Let s be ((-252)/(-24))/(-7) + (-45)/6. Let x(q) = 4*q + 35. Give x(s).
-1
Let l = 0 + 1. Let z be l + 2*-1 + 3. Let a(j) = 2*j + 16. Let y(b) = 4*b + 39. Let t(w) = 5*a(w) - 2*y(w). Give t(z).
6
Let r(q) = 2*q - 35. Suppose -84 = d - 99. Calculate r(d).
-5
Let n(p) = -2*p - 4. Suppose 2 = 53*v - 52*v. Let o be 30/12 - (-3)/v. Give n(o).
-12
Let w(c) be the first derivative of c**2 + 7 - 5*c + 0*c + 4*c + 3*c. Calculate w(-5).
-8
Suppose 0 = 156*q - 159*q - 12. Let n(f) = -3*f - 4. Determine n(q).
8
Let t be 1/(-3)*6 - -4. Let b(y) = y**2 - 3*y + 2. Give b(t).
0
Suppose 4*x = -3*u, -6*u + 4*x = -11*u + 8. Let p(d) = -2*d**2 + 7*d - 5. Calculate p(u).
-9
Let p(z) be the first derivative of z**4/8 + 4*z**3/3 - 3*z**2/2 + 3. Let f(b) be the second derivative of p(b). Let q = -29 - -23. Calculate f(q).
-10
Let d be 1/(-3) + 13/3. Let x(r) be the first derivative of r**3/3 - r**2/2 + 5*r - 162. Calculate x(d).
17
Suppose -17 + 57 = 5*q - 5*b, 5*b = 0. Let l(x) = 18*x**2 + 15 - 4*x**2 - q - 8. What is l(1)?
13
Let i(f) be the second derivative of -f**3/3 - 8*f**2 + 71*f. What is i(-11)?
6
Let h be (-4*1)/((-30)/(-75)). Let i(m) = m - 3. Calculate i(h).
-13
Let g(h) be the second derivative of h**4/12 + h**3/3 + 3*h**2 - 89*h. What is g(-4)?
14
Let p(h) = -h**2 - 1. Let n(b) = 7*b**2 + 6*b - 9. Let f(u) = n(u) - 6*p(u). Let t(s) = 7*s**2 + 3*s - 1. Let w(o) = -6*f(o) + 11*t(o). Give w(-5).
-3
Let a(x) be the third derivative of x**4/4 + x**3/3 + 73*x**2. Give a(-2).
-10
Let r(x) = 3*x**2 + 2*x + 1. Let p = 25 - 24. Let q(j) = 3*j**3 - j**2. Let o be q(p). Let u be (-1)/((4 - o) + -1). What is r(u)?
2
Let q(m) = 6*m + 7. Let l(y) = 2*y**2 + 59*y + 27. Let b be l(-29). What is q(b)?
-5
Let q(o) = 4*o - 6 - 2 + 11. Let m be 4*(5 + (-4)/1). Calculate q(m).
19
Let h(u) = -4*u + 9. Let q be h(3). Let c(z) be the third derivative of -5*z**4/24 - z**3/2 - 11*z**2. Give c(q).
12
Let o = -10 + 14. Suppose -o*q = 4*p - 3*p + 5, 5*p + 25 = -4*q. Let d(x) = -98 + 97 + 2*x + 0*x. Give d(p).
-11
Let u(o) = -1290*o**2 + 646*o**2 + o + 641*o**2. Suppose 0*b + 8 = -4*b. Calculate u(b).
-14
Let w(i) = i. Let q be w(2). Suppose -l + 6*b + q = 5*b, -2*l - 2*b = 0. Let s(z) be the second derivative of z**4/4 - z. Calculate s(l).
3
Let b(m) = -16*m**2 - 6*m + 16. Let t(s) = -3*s**2 + 2*s. Let x(h) = -b(h) + 5*t(h). What is x(-17)?
1
Let x(c) = 2*c + 9. Let u be x(-7). Let a(s) = -s**2 - 2*s + 4. What is a(u)?
-11
Let c be -14 - (43/(-9) - 20/90). Let h(v) = -v**3 - 9*v**2 + 2*v + 11. Calculate h(c).
-7
Let d(b) = b**3 - 2*b**2 + 4*b - 2. Let w be -11*6/(-8) + (-1)/4. Suppose -3*j = -k - w, 5*k + 7 = 5*j - 3. Give d(j).
19
Let y(u) = 5*u + 14. Let p be (0 - (-68)/(-16)) + 30/24. Calculate y(p).
-1
Let m(t) = 2 + 2*t**2 - 3*t + 2*t**3 - 3*t**3 + 5*t**3. Let u be m(1). Let i(r) = 3 - 2*r + 5 - 5. Determine i(u).
-7
Let r(m) = 5*m**3 - 7*m**2 - 5*m + 9. Let k(c) = -14*c**3 + 21*c**2 + 16*c - 27. Let q(x) = 4*k(x) + 11*r(x). Calculate q(8).
-1
Let x(t) = -t**3 + t**2 + t. Let y be x(1). Let r be (-88)/(-11) - y*4. Let w(z) = 2*z + 3. Let v(s) = -6*s - 10. Let p(q) = 5*v(q) + 16*w(q). Give p(r).
6
Let o(x) = x**3 + 2*x**2 + 4*x. Suppose 5*g - 4 = -3*p - 25, 5*p = 2*g - 4. Calculate o(g).
-21
Let y(u) = 0*u**2 - 6*u + 0*u**2 + 2*u**2 - u**2 - 11. Let v(h) = 1. Let k(i) = -6*v(i) - y(i). Let t be (-5)/(-4)*48/12. Calculate k(t).
10
Let g(m) = 106*m**2 + 100*m**2 - 313*m**2 + 108*m**2 - 16. What is g(5)?
9
Suppose 0 = -g + 5*g. Suppose -8*o + 68 - 20 = g. Let v(j) = -j**3 + 7*j**2 - 6*j + 7. Calculate v(o).
7
Let x(u) = 16*u**2 - 1. Suppose l - 3*i - 12 = 0, -3*l = 2*i - 11 - 3. Let y be (-1)/(-4 + l - 3). Determine x(y).
15
Let t(r) be the third derivative of -r**6/120 - r**5/12 - r**4/6 - 2*r**3/3 - 63*r**2. What is t(-5)?
16
Let k = -20 - -27. Suppose -4*c = 11 - 27. Let y(p) = k + 1 - p + c. Calculate y(10).
2
Let d be (-28)/(-16) - 2/(-8). Let x(r) = 2 + 172*r**2 - 5 - 352*r**2 + 177*r**2 + 0*r + 4*r. Give x(d).
-7
Let b(q) be the first derivative of 6 - 7*q - 5/2*q**2. Let r(y) = -4*y - 6. Let k(z) = -3*b(z) + 4*r(z). Determine k(5).
-8
Let c = 16 + -8. Let w(p) = 11*p**2 + 11*p - 3. Let y(o) = -7*o**2 - 7*o + 2. Let r(a) = c*y(a) + 5*w(a). Determine r(0).
1
Let t(p) = -p**3 + p**2 + p + 1. Suppose -5*x - 2*z = -36 + 9, 3*z = 3. Let l be 2/6 - (4 + x/(-3)). Calculate t(l).
11
Let p(f) be the third derivative of -f**4/4 - f**2. Let j be 18/(-63) + 172/14. Let l be j/16 + (-4)/(-16). Calculate p(l).
-6
Let w(u) = -3*u + 3*u - 3*u + 2*u - 1 + 2*u. Determine w(6).
5
Let c = -4 + -4. Let a be (-1)/4 + (-10)/c. Let b be ((-6)/18)/(a/(-3)). Let n(q) = -9*q**3 + q**2 - 1. What is n(b)?
-9
Let m be 56/(-16)*(-4)/7. Let y(f) = 9*f - 5. Let g(x) = 3*x - 2. Let t(q) = -11*g(q) + 4*y(q). Determine t(m).
8
Let t(l) = -10*l + 17. Let f(u) = 2*u - 2. Let n(c) = -3*f(c) - t(c). Calculate n(-3).
-23
Let z(g) = g**2 - 2*g - 474 - 461 + 931. What is z(5)?
11
Let n be 6/(-1)*(-4 + 5). Let r(s) = -1. Let w(t) be the second derivative of -t**3/6 - t**2/2 + 6*t. Let c(q) = -4*r(q) + w(q). Calculate c(n).
9
Let j(h) be the third derivative of 3*h**6/40 + h**5/60 + h**4/12 + h**3/6 + 31*h**2 - 5*h. Calculate j(-1).
-9
Let a(l) = 2*l + 7. Let v = -298 - -295. What is a(v)?
1
Let z be (248/(-56) + 5)*7. Let t(p) = -p - 5. Calculate t(z).
-9
Let b(i) = -i**3 - 8*i**2 - 4*i - 6. Let v(h) = h**3 + 8*h**2 + 5*h + 6. Let n(x) = -4*b(x) - 3*v(x). Determine n(-8).
-2
Let g(i) = -23*i + 169. Let l(j) = -7*j + 54. Let y(h) = 2*g(h) - 7*l(h). Determine y(13).
-1
Suppose 7*l - 9 = 4*l. Let t(p) = -4*p + 6*p - 4*p - l*p. What is t(1)?
-5
Let n(s) = 7*s**2 - 4*s + 1. Let c be -6 - ((-3)/3 + -1). Let j = 9 + c. Let m(d) = -4*d**2 + 2*d - 1. Let h(r) = j*m(r) + 3*n(r). What is h(4)?
6
Suppose 0 = 4*r - 5*r + 2. Suppose 2*i - 24 = 4*u, -4*u - 16 = r*i - 0*i. Let y(p) = -1 - i*p - 9 + 3. Give y(-6).
5
Let r(t) = -t**2 - t - 1. Let n(s) = s**3 + 2*s**2 - 3*s + 5. Let w(k) = n(k) - 5*r(k). Let p = -95 - -88. Give w(p).
-4
Let k(c) = c**2 - c. Let g be -8 + 8 + 1*-1. Let s(b) = -2*b**2 - b - 1. Suppose j = 6*j + 15. Let o(r) = g*s(r) + j*k(r). What is o(4)?
1
Suppose 0*n - 8*n = 64. Let t(g) = -g**2 - 10*g + 8. Calculate t(n).
24
Let m(l) = 2032*l - 16 - 1014*l - 1019*l. Give m(-10).
-6
Let j(o) = -6*o - 7. Let b(z) be the second derivative of 13*z**3/6 + 7*z**2 + 8*z. Let t(i) = 2*b(i) + 5*j(i). Give t(-6).
17
Let y(z) = -z**2 - 21*z - 76. Let p(c) = 3*c**2 + 63*c + 229. Let q(j) = 6*p(j) + 17*y(j). What is q(-16)?
2
Suppose 4*s + 31 = 11. Let n be (s + 9)*6/8. Let d(r) = 9*r - n - 13*r*